447 is divided by 31.
17
Calculate the remainder when 977899 is divided by 15262.
1131
Calculate the remainder when 2192033 is divided by 329.
235
Calculate the remainder when 5806313 is divided by 10.
3
Calculate the remainder when 1031479 is divided by 1451.
1269
What is the remainder when 14755360 is divided by 2951069?
15
What is the remainder when 5369 is divided by 506?
309
Calculate the remainder when 2934922 is divided by 861.
634
Calculate the remainder when 495956 is divided by 1771.
76
Calculate the remainder when 1366019 is divided by 52537.
57
Calculate the remainder when 21283539 is divided by 18.
15
What is the remainder when 1508791 is divided by 15?
1
What is the remainder when 5608940 is divided by 350557?
28
Calculate the remainder when 240032 is divided by 753.
578
What is the remainder when 7881558 is divided by 716504?
14
Calculate the remainder when 94879 is divided by 120.
79
What is the remainder when 2144482 is divided by 49868?
158
Calculate the remainder when 204137685 is divided by 8.
5
What is the remainder when 3202067964 is divided by 7?
4
Calculate the remainder when 200132 is divided by 1430.
1362
What is the remainder when 177457 is divided by 99?
49
What is the remainder when 4144351 is divided by 3866?
3865
Calculate the remainder when 21708 is divided by 3117.
3006
What is the remainder when 1185538 is divided by 613?
609
What is the remainder when 5327 is divided by 185?
147
Calculate the remainder when 2775512 is divided by 370.
142
What is the remainder when 1658230 is divided by 972?
970
Calculate the remainder when 9595057 is divided by 147.
73
What is the remainder when 3056018 is divided by 1916?
1914
Calculate the remainder when 397963 is divided by 339.
316
What is the remainder when 681779 is divided by 21972?
647
Calculate the remainder when 3469495 is divided by 3084.
3079
What is the remainder when 27516 is divided by 560?
76
What is the remainder when 2564886 is divided by 42047?
19
What is the remainder when 710048 is divided by 64?
32
Calculate the remainder when 5344336 is divided by 4352.
80
Calculate the remainder when 2195438 is divided by 121968.
14
Calculate the remainder when 97103 is divided by 96999.
104
What is the remainder when 264210 is divided by 11994?
342
Calculate the remainder when 339181 is divided by 1268.
625
What is the remainder when 70904806 is divided by 171?
169
Calculate the remainder when 2381895 is divided by 1499.
1483
What is the remainder when 18132618 is divided by 6229?
6228
What is the remainder when 1925761 is divided by 4012?
1
Calculate the remainder when 236260026 is divided by 18821.
13
What is the remainder when 4737 is divided by 147?
33
Calculate the remainder when 21426 is divided by 284.
126
What is the remainder when 19284340 is divided by 6428096?
52
Calculate the remainder when 36742981 is divided by 3939.
3928
Calculate the remainder when 120976 is divided by 676.
648
What is the remainder when 153451 is divided by 24649?
5557
Calculate the remainder when 4874801 is divided by 2437396.
9
Calculate the remainder when 702023 is divided by 62.
59
Calculate the remainder when 82553 is divided by 2201.
1116
What is the remainder when 714097 is divided by 8303?
39
Calculate the remainder when 2194410 is divided by 427.
57
What is the remainder when 5703926 is divided by 15416?
6
What is the remainder when 960621 is divided by 3495?
2991
Calculate the remainder when 449913 is divided by 198.
57
What is the remainder when 67097338 is divided by 72?
34
Calculate the remainder when 97029 is divided by 96284.
745
What is the remainder when 27581 is divided by 27436?
145
What is the remainder when 1995 is divided by 1237?
758
What is the remainder when 108079 is divided by 26994?
103
What is the remainder when 14920994 is divided by 1388?
1382
What is the remainder when 3896164 is divided by 1298721?
1
What is the remainder when 133347 is divided by 2560?
227
What is the remainder when 1892039 is divided by 1231?
1223
Calculate the remainder when 40077988 is divided by 1037.
12
What is the remainder when 762979 is divided by 1169?
791
What is the remainder when 1557293 is divided by 299?
101
Calculate the remainder when 102558 is divided by 99.
93
What is the remainder when 789146 is divided by 1137?
68
Calculate the remainder when 60209 is divided by 1030.
469
What is the remainder when 58685137 is divided by 838?
835
What is the remainder when 3669861 is divided by 4759?
672
What is the remainder when 2275380 is divided by 175024?
68
What is the remainder when 2060521 is divided by 257563?
17
Calculate the remainder when 903065 is divided by 1657.
0
Calculate the remainder when 4042228 is divided by 678.
670
What is the remainder when 34356245 is divided by 772?
701
Calculate the remainder when 36259 is divided by 867.
712
Calculate the remainder when 57524877 is divided by 56.
53
Calculate the remainder when 42946 is divided by 827.
769
What is the remainder when 116827383 is divided by 78?
75
Calculate the remainder when 42416630 is divided by 192.
182
What is the remainder when 10044947 is divided by 842?
729
Calculate the remainder when 4897366 is divided by 1476.
1474
Calculate the remainder when 3652 is divided by 3287.
365
Calculate the remainder when 40304137 is divided by 959622.
13
What is the remainder when 2513819 is divided by 1256765?
289
Calculate the remainder when 5390195 is divided by 65734.
7
Calculate the remainder when 60313 is divided by 20035.
208
What is the remainder when 164879 is divided by 4316?
871
Calculate the remainder when 24929721 is divided by 366.
363
What is the remainder when 219738 is divided by 4576?
90
Calculate the remainder when 6056158 is divided by 21.
10
Calculate the remainder when 11137 is divided by 5756.
5381
Calculate the remainder when 824532 is divided by 143.
137
What is the remainder when 428337 is divided by 80?
17
Calculate the remainder when 26030989 is divided by 456684.
1
Calculate the remainder when 3759627 is divided by 15600.
27
Calculate the remainder when 22998804 is divided by 3285542.
10
What is the remainder when 7669424 is divided by 693?
686
What is the remainder when 545138 is divided by 194?
192
Calculate the remainder when 684787 is divided by 11226.
1
Calculate the remainder when 3984224 is divided by 664037.
2
Calculate the remainder when 123638604 is divided by 643951.
12
Calculate the remainder when 822460 is divided by 411090.
280
Calculate the remainder when 48099655 is divided by 1336101.
19
Calculate the remainder when 14409066 is divided by 66401.
49
Calculate the remainder when 79522635 is divided by 69.
66
Calculate the remainder when 4173734 is divided by 452.
418
What is the remainder when 456078924 is divided by 83014?
8
What is the remainder when 83365 is divided by 20743?
393
Calculate the remainder when 597844 is divided by 5023.
107
Calculate the remainder when 5513038152 is divided by 12311.
12309
Calculate the remainder when 6098720 is divided by 2032903.
11
What is the remainder when 195170 is divided by 187?
129
What is the remainder when 16113794 is divided by 20?
14
Calculate the remainder when 73887 is divided by 2840.
47
Calculate the remainder when 5293893 is divided by 24.
21
Calculate the remainder when 7437610 is divided by 826401.
1
Calculate the remainder when 3654444 is divided by 815.
799
Calculate the remainder when 1968504 is divided by 16965.
564
What is the remainder when 51100672 is divided by 12775156?
48
Calculate the remainder when 7905359 is divided by 133989.
8
Calculate the remainder when 39834765 is divided by 674.
17
What is the remainder when 1479926 is divided by 187?
8
Calculate the remainder when 135154 is divided by 43782.
3808
What is the remainder when 1732105 is divided by 74?
61
Calculate the remainder when 78778 is divided by 774.
604
What is the remainder when 13308139 is divided by 1388?
1383
Calculate the remainder when 169801 is divided by 2613.
2569
Calculate the remainder when 1290142 is divided by 6057.
1
Calculate the remainder when 74150 is divided by 18523.
58
Calculate the remainder when 25638876 is divided by 5695.
5681
Calculate the remainder when 4854726 is divided by 10114.
6
Calculate the remainder when 